n**3 + n**2 - n + 37. What is h(0)?
37
Let z(m) = m**2 - 16*m - 80. Give z(-4).
0
Let n(l) = 8*l + 87. Calculate n(-11).
-1
Let f(p) = -6*p - 29. Calculate f(-4).
-5
Let t(i) = -2*i + 34. Give t(7).
20
Let f(j) = 2*j**3 + 12*j**2 + 3*j - 9. What is f(-6)?
-27
Let b(o) = 61*o + 116. Give b(-2).
-6
Let o(b) = -31*b**2. What is o(-1)?
-31
Let t(n) = n**2 - 34*n + 201. Determine t(26).
-7
Let n(f) = 3*f**2 - 13*f - 3. Calculate n(5).
7
Let r(m) = m**3 + 6*m**2 + 3*m + 3. Determine r(-5).
13
Let b(l) = -5*l + 21. Calculate b(-11).
76
Let x(f) = -f**2 - 6*f + 4. Give x(-3).
13
Let v(x) = -2*x + 5. Determine v(9).
-13
Let q(k) = 5*k**3 + k - 3. Calculate q(3).
135
Let f(u) = -u - 40. Determine f(-33).
-7
Let z(p) = -15*p + 43. Give z(7).
-62
Let t(v) = -2*v**2 - 35*v - 3. Determine t(-18).
-21
Let f(l) = -l**3 - 6*l**2 + 9*l - 34. Give f(-8).
22
Let i(z) = -z**3 + 15*z**2 - 49*z - 3. Give i(10).
7
Let y(f) = -44*f + 351. What is y(8)?
-1
Let t(d) = -d**2 + 13*d - 7. Determine t(13).
-7
Let q(y) = 113*y - 1128. Calculate q(10).
2
Let c(u) = u - 33. Determine c(32).
-1
Let f(u) = u**2 - 18*u + 57. Calculate f(14).
1
Let t(f) = f**3 + 6*f**2 + 3*f + 5. What is t(-6)?
-13
Let u(b) = b**3 - 7*b**2 - 20*b - 21. Give u(9).
-39
Let o(j) = -j**3 + 12*j**2 + 3*j - 34. Determine o(12).
2
Let d(w) = -w**3 - 3*w**2 - 2*w - 2. What is d(-3)?
4
Let a(v) = 14*v**2 - v. Determine a(1).
13
Let p(n) = 2*n**2 + 44*n + 47. Calculate p(-21).
5
Let h(c) = -3*c - 34. What is h(-16)?
14
Let v(n) = -3*n + 8. Calculate v(11).
-25
Let g(o) = -14*o + 3. Calculate g(-1).
17
Let y(d) = d**3 - 21*d**2 + 40*d - 47. Determine y(19).
-9
Let w(k) = -3*k + 79. Determine w(28).
-5
Let u(x) = 4*x - 58. Calculate u(12).
-10
Let v(f) = -2*f**3 + 51*f**2 - 25*f + 11. Calculate v(25).
11
Let t(c) = -2*c**2 + 16*c + 1. Calculate t(7).
15
Let y(q) = -q**3 - 25*q**2 - 26*q - 45. Calculate y(-24).
3
Let b(k) = -5*k**2 - 2. What is b(2)?
-22
Let h(j) = -j**3 + 7*j**2 - 8*j - 5. Give h(6).
-17
Let r(h) = -5*h + 1. What is r(3)?
-14
Let v(l) = -4*l**2 + 4*l - 7. Calculate v(2).
-15
Let s(n) = -10*n - 89. What is s(-10)?
11
Let v(s) = -28*s + 167. Calculate v(6).
-1
Let t(g) = -g**2 - g - 45. Determine t(0).
-45
Let c(x) = -x**2 + 32*x - 65. What is c(30)?
-5
Let t(r) = -r**2 + 25*r + 69. Determine t(28).
-15
Let z(m) = 21*m + 43. What is z(-8)?
-125
Let l(g) = 13*g**2 + 7*g + 5. Determine l(-2).
43
Let x(r) = -2*r**2 + r - 2. Determine x(2).
-8
Let b(k) = k**3 + 2*k**2 - 8*k - 4. What is b(-4)?
-4
Let i(y) = y**2 - 24*y + 105. Calculate i(18).
-3
Let r(s) = 7*s - 168. What is r(23)?
-7
Let h(c) = 7*c**2 - 3*c + 10. Give h(3).
64
Let m(h) = -2*h**2 + 6. What is m(-8)?
-122
Let o(b) = -b + 18. Determine o(24).
-6
Let n(l) = -l**2 + 34*l + 242. What is n(-6)?
2
Let o(k) = 11*k + 3. Give o(1).
14
Let j(v) = 3*v**2 - 9*v - 16. Give j(7).
68
Let k(n) = 9*n**3 + n**2 - 2*n + 1. Determine k(1).
9
Let s(a) = -2*a - 1. Give s(-3).
5
Let w(s) = s**3 + 6*s**2 + 5*s + 10. Determine w(-6).
-20
Let w(t) = -t**3 - 7*t**2 - 8*t. Calculate w(-5).
-10
Let z(x) = 7*x**2 - 11*x + 2. Give z(2).
8
Let a(d) = 3*d**3 + d**2 - 4*d - 4. What is a(-1)?
-2
Let j(w) = -w**2 + 8*w + 62. What is j(13)?
-3
Let b(h) = h**2 + 6*h + 13. What is b(-6)?
13
Let f(j) = -j**3 - 4*j**2 + 47*j - 5. Determine f(5).
5
Let b(c) = 2*c**3 + 51*c**2 - 26*c + 5. Give b(-26).
5
Let q(o) = 5*o**2 - 26*o + 5. Give q(4).
-19
Let j(c) = -2*c**3 + 25*c**2 - 12*c + 8. Determine j(12).
8
Let w(t) = -t - 1. Determine w(6).
-7
Let x(c) = -127*c - 260. Give x(-2).
-6
Let z(i) = 10*i + 9. Give z(-1).
-1
Let w(t) = t**2 + 37*t + 131. What is w(-4)?
-1
Let s(l) = l**3 + 6*l**2 + 5*l - 8. Calculate s(-6).
-38
Let c(m) = -4*m - 20. Calculate c(-9).
16
Let c(l) = -3*l**2 + 5*l + 22. Calculate c(4).
-6
Let p(x) = -15*x + 78. Give p(5).
3
Let d(r) = -r**2 + 18*r + 199. Determine d(26).
-9
Let w(c) = -c - 3. Determine w(-3).
0
Let d(k) = -k + 4. Calculate d(-7).
11
Let s(r) = -3*r - 11. What is s(-15)?
34
Let a(h) = -h**2 + 20*h - 4. What is a(18)?
32
Let v(j) = 3*j + 3. What is v(-2)?
-3
Let z(h) = 10*h + 76. What is z(-5)?
26
Let w(q) = q + 64. What is w(0)?
64
Let v(g) = 32*g**2 - 10*g + 10. Give v(1).
32
Let u(p) = p**2 - 7*p - 164. Give u(-10).
6
Let g(i) = -9*i + 41. Calculate g(4).
5
Let d(t) = 37*t**2 - t - 1. Determine d(-1).
37
Let f(t) = -79*t**2 + 7*t + 7. What is f(-1)?
-79
Let w(k) = k - 31. Determine w(14).
-17
Let n(k) = -7*k + 153. Determine n(26).
-29
Let x(g) = -g**2 - g + 11. Determine x(0).
11
Let w(b) = b**3 - 25*b**2 - b + 17. What is w(25)?
-8
Let r(t) = -44*t - 521. What is r(-12)?
7
Let u(b) = b**2 + 2*b + 5. Calculate u(-3).
8
Let u(c) = -3*c**2 + 4*c + 2. Give u(4).
-30
Let g(i) = -6*i**2 - 72*i + 2. Determine g(-12).
2
Let d(z) = 9*z. Calculate d(-4).
-36
Let p(o) = o**2 - 5*o + 3. Determine p(3).
-3
Let u(g) = -5*g**2 - 6*g + 6. What is u(4)?
-98
Let c(v) = v**2 - 10*v - 30. Calculate c(13).
9
Let u(x) = -x**2 - 28*x - 40. Determine u(-27).
-13
Let s(d) = -d**3 + 6*d**2 + 18*d - 14. Give s(9).
-95
Let i(t) = t**3 + 12*t**2 - 32*t - 33. Calculate i(-14).
23
Let t(n) = 3*n + 14. Give t(-6).
-4
Let s(q) = q**3 + 3*q**2 - 3*q - 4. Give s(-3).
5
Let w(s) = -9*s - 8. Calculate w(-5).
37
Let u(c) = 7*c**2 - 7*c - 9. Calculate u(3).
33
Let q(c) = c**3 - 3*c**2 + 5*c - 9. Give q(3).
6
Let o(n) = 8*n + 36. What is o(-6)?
-12
Let k(f) = -f**2 - 13*f - 34. Determine k(-9).
2
Let l(j) = -2*j + 30. Determine l(18).
-6
Let p(s) = -2*s**2 - 8*s + 2. Determine p(-6).
-22
Let o(m) = -3*m**2 + 5*m - 2. Calculate o(4).
-30
Let a(n) = 16*n + 187. What is a(-12)?
-5
Let s(u) = -2*u - 18. What is s(-12)?
6
Let f(u) = u**2 + 21*u + 74. Calculate f(-17).
6
Let t(w) = -w**3 - 4*w**2 + 10*w + 23. What is t(-5)?
-2
Let b(g) = 20*g + 179. Determine b(-9).
-1
Let c(o) = -4*o. Determine c(-4).
16
Let y(k) = k**3 + 14*k**2 - 13*k + 37. Give y(-15).
7
Let z(x) = -x**2 + 10*x + 1. What is z(9)?
10
Let q(v) = -v + 7. Give q(6).
1
Let n(s) = -2*s**2 + 7*s + 23. Calculate n(-6).
-91
Let x(k) = -46*k + 323. What is x(7)?
1
Let i(a) = 12*a**3 - a**2 - 2*a - 1. Calculate i(-1).
-12
Let s(a) = -28*a**2 + 28*a + 2. Determine s(1).
2
Let s(c) = 2*c**2 - 35*c + 10. What is s(17)?
-7
Let n(j) = -j**3 + 10*j**2 - 9*j - 1. What is n(9)?
-1
Let j(t) = 2*t**2 - 4*t - 21. Give j(4).
-5
Let g(t) = 2*t**2 + 41*t + 128. Give g(-16).
-16
Let j(v) = v**2 - 6*v - 27. Calculate j(11).
28
Let f(k) = k**2. Determine f(3).
9
Let c(s) = 9*s. What is c(-4)?
-36
Let l(a) = -a**2 - 2*a + 1. Determine l(3).
-14
Let d(g) = -8*g + 232. What is d(28)?
8
Let g(a) = 2*a**2 + a - 3. Calculate g(7).
102
Let w(r) = 55*r - 5. Determine w(-1).
-60
Let q(n) = n**3 + 2*n**2 - n + 4. What is q(-5)?
-66
Let z(t) = -t**2 - 17*t - 4. Give z(-18).
-22
Let v(f) = f**3 + 5*f**2 + 6*f + 1. Calculate v(-4).
-7
Let q(b) = 2*b**2 - 36*b + 142. Give q(11).
-12
Let x(w) = w**3 - w - 1. What is x(-1)?
-1
Let f(a) = a**2 - 21*a - 7. Calculate f(23).
39
Let m(q) = 2*q. Calculate m(-6).
-12
Let s(w) = 2*w**2 + 2*w + 53. Determine s(0).
53
Let o(a) = -a**2 - 16*a + 15. Determine o(-17).
-2
Let m(y) = -y**2 + y + 22. Determine m(0).
22
Let r(p) = 3*p**2 - 35*p - 6. What is r(12)?
6
Let w(f) = f**2 + 2*f - 3. Give w(6).
45
Let t(v) = -v - 2. Calculate t(4).
-6
Let d(i) = -5*i - 76. Determine d(-14).
-6
Let s(v) = v**2 - 17*v - 86. Give s(21).
-2
Let w(c) = -c**3 + 12*c**2 - 13*c + 10. Give w(11).
-12
Let g(d) = -d**3 - 6*d**2 + 10*d - 14. Give g(-8).
34
Let t(i) = i**3 - 43*i**2 - 92*i + 94. What is t(45)?
4
Let o(s) = -2*s**2 + 21. Determine o(-4).
-11
Let l(g) = -73*g - 430. Determine l(-6).
8
Let a(h) = -h**3 - h**2 + 3*h - 1. Determine a(3).
-28
Let f(v) = -v**3 - 3*v**2 - 2*v - 4. Determine f(-3).
2
Let t(a) = 65*a + 5. Calculate t(-2).
-125
Let r(z) = 8*z**2 + 2. Calculate r(1).
10
Let f(m) = -m**2 - 22*m + 190. What is f(8)?
-50
Let f(y) = y**2 + 5*y - 8. Calculate f(-6).
-2
Let g(i) = i + 38. What is g(-33)?
5
Let w(c) = -c**3 + 8*c + 6. What is w(-3)?
9
Let c(r) = -13*r + 46. What is c(3)?
7
Let i(t) = t - 26. Give i(4).
-22
Let m(i) = i**3 + 7*i**2 + 10*i + 9. Give m(-6).
-15
Let o(w) = w - 19. Determine o(12).
-7
Let h(p) = p + 25. Calculate h(12).
37
Let z(p) = p**2 + p - 54. Calculate z(7).
2
Let i(a) = a**3 - 29*a*